.
138
Calculate the greatest common divisor of 404784 and 3456.
432
Calculate the highest common factor of 1088139 and 13.
13
What is the greatest common factor of 21320 and 36920?
520
What is the greatest common factor of 2442 and 21534?
222
Calculate the highest common factor of 66948 and 84.
84
Calculate the greatest common divisor of 57805 and 45.
5
Calculate the highest common divisor of 66 and 19833.
33
What is the highest common factor of 226137 and 258?
129
What is the highest common factor of 2775879 and 153?
153
Calculate the highest common factor of 254443 and 163.
163
What is the greatest common factor of 2160 and 1350?
270
Calculate the greatest common factor of 1755 and 432.
27
What is the greatest common factor of 882 and 88074?
126
What is the highest common factor of 198208 and 38912?
1216
What is the greatest common divisor of 72 and 94616?
8
What is the highest common factor of 1603174 and 274?
274
What is the greatest common divisor of 36814 and 4582?
158
What is the highest common divisor of 12025 and 41275?
325
What is the greatest common divisor of 658 and 35626?
94
What is the highest common divisor of 868 and 80042?
62
Calculate the highest common divisor of 1494 and 420810.
498
Calculate the greatest common factor of 20485 and 221.
17
What is the greatest common factor of 76 and 354236?
76
What is the greatest common divisor of 1350 and 16100?
50
Calculate the greatest common factor of 2955792 and 6945.
1389
Calculate the greatest common divisor of 1720 and 13115.
215
What is the greatest common divisor of 1152 and 927?
9
Calculate the greatest common factor of 391 and 337709.
23
What is the highest common factor of 810 and 40662?
162
Calculate the highest common factor of 3400 and 11016.
136
What is the highest common factor of 214740 and 300?
60
Calculate the greatest common divisor of 949744 and 16.
16
What is the greatest common divisor of 19225 and 400?
25
Calculate the highest common factor of 464 and 19546.
58
What is the highest common factor of 16207141 and 31?
31
What is the greatest common divisor of 1100 and 1265?
55
Calculate the highest common factor of 1004 and 959573.
251
Calculate the highest common divisor of 19506 and 24.
6
What is the greatest common factor of 35927 and 2183?
37
What is the greatest common divisor of 5520 and 328480?
80
Calculate the highest common divisor of 56 and 72758.
14
Calculate the greatest common factor of 355 and 2627923.
71
What is the greatest common factor of 7344 and 632?
8
What is the highest common factor of 308 and 37688?
28
Calculate the highest common divisor of 18936 and 456.
24
Calculate the greatest common divisor of 44499 and 7.
7
Calculate the highest common factor of 87234 and 1736.
434
Calculate the highest common factor of 400680 and 56.
56
What is the highest common divisor of 1406 and 398506?
38
What is the highest common factor of 72 and 793188?
36
Calculate the highest common factor of 312927 and 42.
3
What is the greatest common divisor of 39 and 2162563?
13
Calculate the highest common factor of 1896 and 4872.
24
What is the greatest common divisor of 561 and 2091?
51
What is the greatest common factor of 192438 and 414?
18
What is the greatest common factor of 23094 and 72?
18
What is the highest common factor of 119527 and 1003?
17
What is the highest common factor of 39955 and 1179?
131
What is the greatest common divisor of 9797842 and 1678?
1678
Calculate the highest common factor of 507036 and 1410.
282
What is the greatest common factor of 230 and 1909?
23
What is the highest common factor of 288702 and 3096?
774
What is the highest common factor of 340 and 625090?
170
Calculate the highest common divisor of 15953930 and 10.
10
What is the greatest common factor of 9813 and 5?
1
Calculate the greatest common divisor of 108 and 4072.
4
What is the highest common divisor of 479539 and 499?
499
What is the greatest common divisor of 27990 and 1770?
30
Calculate the greatest common factor of 9724 and 1012.
44
What is the greatest common divisor of 24897 and 172?
43
What is the greatest common divisor of 900 and 70920?
180
What is the highest common factor of 15943 and 321?
107
What is the highest common factor of 93144 and 1380?
12
What is the highest common divisor of 14436 and 210525?
1203
Calculate the greatest common divisor of 124024 and 4736.
296
What is the highest common factor of 150106 and 88?
22
Calculate the greatest common divisor of 24 and 10092.
12
Calculate the highest common divisor of 2898 and 506.
46
Calculate the greatest common divisor of 406 and 3758342.
406
What is the highest common divisor of 2850 and 19038?
114
What is the greatest common divisor of 14046 and 17?
1
Calculate the greatest common divisor of 2028 and 1098838.
338
What is the greatest common divisor of 3280 and 406064?
656
What is the highest common divisor of 3749 and 10718?
23
What is the highest common divisor of 218544 and 16485?
471
Calculate the highest common divisor of 1331 and 64614.
121
What is the highest common divisor of 586 and 140054?
586
What is the highest common factor of 15 and 17285?
5
What is the highest common divisor of 1419 and 1947?
33
Calculate the greatest common divisor of 1136 and 44.
4
What is the greatest common divisor of 36201 and 748?
11
What is the highest common divisor of 14685 and 110?
55
What is the highest common divisor of 594144 and 192?
96
What is the highest common factor of 6444 and 28764?
36
Calculate the highest common divisor of 1972 and 3332.
68
What is the highest common divisor of 779376 and 208?
208
Calculate the greatest common factor of 21361 and 26050.
521
What is the highest common divisor of 17 and 4277591?
17
What is the greatest common divisor of 3513 and 30?
3
What is the highest common factor of 29536 and 988?
52
Calculate the highest common divisor of 5267 and 687.
229
What is the highest common factor of 22209 and 88?
11
What is the highest common factor of 4071 and 39471?
177
Calculate the highest common factor of 5368 and 792.
88
What is the highest common divisor of 130 and 643695?
65
What is the highest common divisor of 216790 and 322?
14
Calculate the greatest common factor of 11772 and 42.
6
What is the greatest common factor of 438 and 630501?
219
What is the highest common factor of 120 and 1268360?
40
Calculate the greatest common divisor of 2266 and 7216.
22
What is the greatest common divisor of 16296 and 128?
8
Calculate the highest common factor of 4189 and 2891.
59
Calculate the greatest common divisor of 1143715 and 1180.
295
What is the highest common factor of 142 and 365934?
142
What is the greatest common factor of 402 and 2401213?
67
Calculate the greatest common divisor of 41 and 418651.
41
Calculate the greatest common divisor of 33 and 252439.
11
Calculate the greatest common factor of 2556 and 423.
9
Calculate the highest common divisor of 46445 and 1435.
35
What is the greatest common divisor of 21 and 661143?
21
What is the highest common factor of 2670 and 537204?
534
What is the greatest common divisor of 720272 and 327?
109
What is the greatest common factor of 23730 and 7770?
210
What is the greatest common factor of 4525 and 717665?
905
Calculate the highest common factor of 23492 and 140.
28
What is the greatest common factor of 133 and 17255?
7
Calculate the greatest common factor of 305 and 1.
1
What is the highest common divisor of 252 and 84868?
28
Calculate the highest common divisor of 18672 and 657021.
1167
Calculate the greatest common factor of 31400 and 600.
200
Calculate the highest common factor of 742992 and 12.
12
What is the highest common factor of 1075 and 76712?
43
What is the highest common divisor of 12779 and 52?
13
Calculate the greatest common divisor of 128256 and 240.
48
What is the highest common divisor of 735 and 18255?
15
What is the highest common divisor of 100 and 217375?
25
What is the highest common divisor of 117145 and 140?
35
What is the highest common divisor of 9840 and 962475?
615
What is the highest common factor of 116 and 147262?
58
Calculate the highest common factor of 29155 and 1127.
49
What is the highest common divisor of 48772 and 196184?
548
What is the greatest common divisor of 16224 and 24843?
507
Calculate